9091?
9
What is the millions digit of 586619174?
6
What is the hundred thousands digit of 799966768?
9
What is the hundreds digit of 8247782?
7
What is the millions digit of 814584698?
4
What is the hundreds digit of 7380176673?
6
What is the hundred thousands digit of 19884448?
8
What is the thousands digit of 866753606?
3
What is the units digit of 1395625742?
2
What is the hundreds digit of 49124124?
1
What is the ten thousands digit of 732661961?
6
What is the hundred thousands digit of 6369738?
3
What is the tens digit of 825002262?
6
What is the millions digit of 340214760?
0
What is the ten thousands digit of 5380864686?
6
What is the tens digit of 2140531?
3
What is the units digit of 312143824?
4
What is the units digit of 264216023?
3
What is the thousands digit of 3751587356?
7
What is the thousands digit of 105110707?
0
What is the hundred millions digit of 3807106160?
8
What is the hundred thousands digit of 8203851?
2
What is the hundreds digit of 805430488?
4
What is the units digit of 471698925?
5
What is the millions digit of 74834142?
4
What is the thousands digit of 234850337?
0
What is the millions digit of 386832597?
6
What is the units digit of 905646057?
7
What is the millions digit of 273753573?
3
What is the units digit of 48087401?
1
What is the thousands digit of 20899807?
9
What is the units digit of 81752?
2
What is the hundred thousands digit of 1093365081?
3
What is the ten thousands digit of 25218794?
1
What is the thousands digit of 42492880?
2
What is the hundred thousands digit of 52751666?
7
What is the hundred thousands digit of 6147326966?
3
What is the millions digit of 828065646?
8
What is the hundred thousands digit of 249367338?
3
What is the hundreds digit of 5729853142?
1
What is the hundreds digit of 135203367?
3
What is the millions digit of 3977708281?
7
What is the ten thousands digit of 532202?
3
What is the hundred thousands digit of 822972993?
9
What is the hundred millions digit of 2989935126?
9
What is the ten thousands digit of 208586786?
8
What is the tens digit of 360615899?
9
What is the millions digit of 126219191?
6
What is the hundreds digit of 1088534452?
4
What is the tens digit of 16938468?
6
What is the hundred thousands digit of 128620383?
6
What is the thousands digit of 1389640202?
0
What is the ten millions digit of 15880991?
1
What is the hundreds digit of 72244806?
8
What is the thousands digit of 5389066328?
6
What is the millions digit of 341930109?
1
What is the ten millions digit of 39587052?
3
What is the millions digit of 430219894?
0
What is the ten millions digit of 16574448?
1
What is the millions digit of 2162738?
2
What is the hundred thousands digit of 42562120?
5
What is the millions digit of 47037793?
7
What is the ten millions digit of 1697280526?
9
What is the tens digit of 1571623775?
7
What is the tens digit of 851555403?
0
What is the hundred thousands digit of 1920111987?
1
What is the hundred thousands digit of 56013598?
0
What is the hundreds digit of 1197954673?
6
What is the millions digit of 213717543?
3
What is the units digit of 1169424706?
6
What is the tens digit of 896549779?
7
What is the billions digit of 4506844553?
4
What is the hundreds digit of 3883718?
7
What is the hundred millions digit of 4019565111?
0
What is the thousands digit of 4140386?
0
What is the hundreds digit of 42197723?
7
What is the units digit of 1472563429?
9
What is the units digit of 162502693?
3
What is the thousands digit of 1072774291?
4
What is the thousands digit of 7664894667?
4
What is the hundred millions digit of 154982342?
1
What is the hundred thousands digit of 191535596?
5
What is the units digit of 26076970?
0
What is the hundred thousands digit of 30230699?
2
What is the thousands digit of 106392105?
2
What is the units digit of 104693970?
0
What is the thousands digit of 831097868?
7
What is the thousands digit of 1411956692?
6
What is the ten millions digit of 444724219?
4
What is the units digit of 8215339630?
0
What is the ten millions digit of 1167991340?
6
What is the billions digit of 3569870546?
3
What is the tens digit of 7113455851?
5
What is the ten millions digit of 1849428121?
4
What is the thousands digit of 184681038?
1
What is the ten thousands digit of 8953971?
5
What is the tens digit of 64624083?
8
What is the tens digit of 188829954?
5
What is the tens digit of 322116795?
9
What is the thousands digit of 7907919?
7
What is the millions digit of 637709175?
7
What is the ten thousands digit of 139917237?
1
What is the ten millions digit of 466438836?
6
What is the hundreds digit of 1112875949?
9
What is the millions digit of 120713841?
0
What is the millions digit of 7282483508?
2
What is the hundred thousands digit of 11915656?
9
What is the hundred millions digit of 515126984?
5
What is the ten millions digit of 5836354332?
3
What is the thousands digit of 198297106?
7
What is the billions digit of 5422287370?
5
What is the millions digit of 63647729?
3
What is the hundred millions digit of 624698853?
6
What is the tens digit of 172109419?
1
What is the tens digit of 29013981?
8
What is the ten millions digit of 1757201547?
5
What is the tens digit of 6993998012?
1
What is the ten millions digit of 161601631?
6
What is the tens digit of 1773783927?
2
What is the hundreds digit of 1824236790?
7
What is the millions digit of 77742182?
7
What is the ten millions digit of 827761258?
2
What is the tens digit of 15822442?
4
What is the hundreds digit of 283611843?
8
What is the units digit of 4742821198?
8
What is the tens digit of 1450662573?
7
What is the hundreds digit of 301521043?
0
What is the thousands digit of 143557819?
7
What is the hundreds digit of 722395143?
1
What is the thousands digit of 596705472?
5
What is the ten thousands digit of 1159352858?
5
What is the hundred thousands digit of 46678074?
6
What is the hundreds digit of 908535067?
0
What is the ten thousands digit of 332667192?
6
What is the hundreds digit of 481670028?
0
What is the millions digit of 354096455?
4
What is the hundred thousands digit of 1225227506?
2
What is the tens digit of 786192007?
0
What is the hundred thousands digit of 702473272?
4
What is the ten thousands digit of 193904251?
0
What is the thousands digit of 131038500?
8
What is the ten millions digit of 37331865?
3
What is the thousands digit of 83770923?
0
What is the hundred millions digit of 4424680858?
4
What is the ten millions digit of 116243568?
1
What is the millions digit of 337997493?
7
What is the ten thousands digit of 30066451?
6
What is the ten thousands digit of 459125352?
2
What is the ten millions digit of 1151503263?
5
What is the thousands digit of 5594883?
4
What is the thousands digit of 4132752797?
2
What is the hundred millions digit of 100098089?
1
What is the ten thousands digit of 6371058892?
5
What is the tens digit of 41797014?
1
What is the thousands digit of 2515381786?
1
What is the ten millions digit of 31578363?
3
What is the units digit of 7931287028?
8
What is the hundreds digit of 14567577?
5
What is the hundred thousands digit of 329186198?
1
What is the ten millions digit of 811845748?
1
What is the ten thousands digit of 77508239?
0
What is the tens digit of 61390059?
5
What is the hundred thousands digit of 57567032?
5
What is the hundred millions digit of 1184131789?
1
What is the thousands digit of 86741383?
1
What is the units digit of 278765153?
3
What is the thousands digit of 3088808575?
8
What is the hundreds digit of 56993998?
9
What is the hundreds digit of 153455323?
3
What is the ten millions digit of 1167335794?
6
What is the hundred thousands digit of 5205028?
2
What is the tens digit of 1279940989?
8
What is the hundred millions digit of 504550195?
5
What is the ten thousands digit of 1076582799?
8
What is the hundred millions digit of 332936433?
3
What is the hundred thousands digit of 57301785?
3
What is the tens digit of 627633590?
9
What is the ten thousands digit of 35900355?
0
What is the millions digit of 1104845451?
4
What is the hundreds digit of 58726517?
5
What is the billions digit of 2902850914?
2
What is the units digit of 292306428?
8
What is the thousands digit of 65574247?
4
What is the tens digit of 176330925?
2
Wh